{"id":363,"date":"2018-03-15T15:31:40","date_gmt":"2018-03-15T13:31:40","guid":{"rendered":"https:\/\/www.tot-design.ro\/?page_id=363"},"modified":"2018-10-19T11:02:29","modified_gmt":"2018-10-19T08:02:29","slug":"colantari-si-inscriptionari-vitrine","status":"publish","type":"page","link":"https:\/\/www.tot-design.ro\/neamt\/portofoliu\/colantari-si-inscriptionari-vitrine\/","title":{"rendered":"Colant\u0103ri \u015fi inscrip\u0163ion\u0103ri vitrine"},"content":{"rendered":"<p>Aici chiar c\u0103 exista o infinitate de variante. Pe l\u00e2ng\u0103 materialele autocolante clasice, \u00een cazul vitrinelor exist\u0103 \u015fi folii speciale:<\/p>\n<ul>\n<li><strong>one way vision<\/strong>, care nu permite vizualizarea \u00een interiorul unui spa\u0163iu din exterior, \u00een schimb, din interior spre exterior vizibilitatea este excelent\u0103;<\/li>\n<li><strong>folii de protec\u0163ie solar\u0103<\/strong>, care pot opri p\u00e2n\u0103 la 70% din razele UV;<\/li>\n<li><strong>folii de sablare<\/strong>, care imit\u0103 perfect textura de sticl\u0103 sablat\u0103, pretabile \u00een cazul loca\u0163iilor de lux: restaurante, pensiuni, s\u0103li de nun\u0163i, birouri, s\u0103li de conferin\u0163\u0103, spa\u0163ii comerciale, etc.;<\/li>\n<li><strong>folii antiefrac\u0163ie<\/strong>, care se folosesc mai ales la spa\u0163iile comerciale speciale: case de schimb valutar, magazine de bijuterii, etc.<\/li>\n<\/ul>\n\n\t\t\t<style type='text\/css'>\n\t\t\t\t#gallery-1 {\n\t\t\t\t\tmargin: auto;\n\t\t\t\t}\n\t\t\t\t#gallery-1 .gallery-item {\n\t\t\t\t\tfloat: left;\n\t\t\t\t\tmargin-top: 10px;\n\t\t\t\t\ttext-align: center;\n\t\t\t\t\twidth: 19.99%;\n\t\t\t\t}\n\t\t\t\t#gallery-1 img {\n\t\t\t\t\tborder: 2px solid #cfcfcf;\n\t\t\t\t}\n\t\t\t\t#gallery-1 .gallery-caption {\n\t\t\t\t\tmargin-left: 0;\n\t\t\t\t}\n\t\t\t\t\/* see gallery_shortcode() in wp-includes\/media.php *\/\n\t\t\t<\/style>\n\t\t<div id='gallery-1' class='gallery galleryid-363 gallery-columns-5 gallery-size-thumbnail file'><dl class='gallery-item'>\n\t\t\t\t<dt class='gallery-icon landscape'>\n\t\t\t\t\t<a href='https:\/\/www.tot-design.ro\/neamt\/wp-content\/uploads\/2018\/03\/Colantari-si-inscriptionari-vitrine-1.jpg'><img width=\"150\" height=\"150\" src=\"https:\/\/www.tot-design.ro\/neamt\/wp-content\/uploads\/2018\/03\/Colantari-si-inscriptionari-vitrine-1-150x150.jpg\" class=\"attachment-thumbnail size-thumbnail\" alt=\"\" decoding=\"async\" loading=\"lazy\" srcset=\"https:\/\/www.tot-design.ro\/neamt\/wp-content\/uploads\/2018\/03\/Colantari-si-inscriptionari-vitrine-1-150x150.jpg 150w, https:\/\/www.tot-design.ro\/neamt\/wp-content\/uploads\/2018\/03\/Colantari-si-inscriptionari-vitrine-1-85x85.jpg 85w, https:\/\/www.tot-design.ro\/neamt\/wp-content\/uploads\/2018\/03\/Colantari-si-inscriptionari-vitrine-1-80x80.jpg 80w\" sizes=\"(max-width: 150px) 100vw, 150px\" \/><\/a>\n\t\t\t\t<\/dt><\/dl><dl class='gallery-item'>\n\t\t\t\t<dt class='gallery-icon landscape'>\n\t\t\t\t\t<a href='https:\/\/www.tot-design.ro\/neamt\/wp-content\/uploads\/2018\/03\/Colantari-si-inscriptionari-vitrine-2.jpg'><img width=\"150\" height=\"150\" src=\"https:\/\/www.tot-design.ro\/neamt\/wp-content\/uploads\/2018\/03\/Colantari-si-inscriptionari-vitrine-2-150x150.jpg\" class=\"attachment-thumbnail size-thumbnail\" alt=\"\" decoding=\"async\" loading=\"lazy\" srcset=\"https:\/\/www.tot-design.ro\/neamt\/wp-content\/uploads\/2018\/03\/Colantari-si-inscriptionari-vitrine-2-150x150.jpg 150w, https:\/\/www.tot-design.ro\/neamt\/wp-content\/uploads\/2018\/03\/Colantari-si-inscriptionari-vitrine-2-85x85.jpg 85w, https:\/\/www.tot-design.ro\/neamt\/wp-content\/uploads\/2018\/03\/Colantari-si-inscriptionari-vitrine-2-80x80.jpg 80w\" sizes=\"(max-width: 150px) 100vw, 150px\" \/><\/a>\n\t\t\t\t<\/dt><\/dl><dl class='gallery-item'>\n\t\t\t\t<dt class='gallery-icon landscape'>\n\t\t\t\t\t<a href='https:\/\/www.tot-design.ro\/neamt\/wp-content\/uploads\/2018\/03\/Colantari-si-inscriptionari-vitrine-3.jpg'><img width=\"150\" height=\"150\" src=\"https:\/\/www.tot-design.ro\/neamt\/wp-content\/uploads\/2018\/03\/Colantari-si-inscriptionari-vitrine-3-150x150.jpg\" class=\"attachment-thumbnail size-thumbnail\" alt=\"\" decoding=\"async\" loading=\"lazy\" srcset=\"https:\/\/www.tot-design.ro\/neamt\/wp-content\/uploads\/2018\/03\/Colantari-si-inscriptionari-vitrine-3-150x150.jpg 150w, https:\/\/www.tot-design.ro\/neamt\/wp-content\/uploads\/2018\/03\/Colantari-si-inscriptionari-vitrine-3-85x85.jpg 85w, https:\/\/www.tot-design.ro\/neamt\/wp-content\/uploads\/2018\/03\/Colantari-si-inscriptionari-vitrine-3-80x80.jpg 80w\" sizes=\"(max-width: 150px) 100vw, 150px\" \/><\/a>\n\t\t\t\t<\/dt><\/dl><dl class='gallery-item'>\n\t\t\t\t<dt class='gallery-icon portrait'>\n\t\t\t\t\t<a href='https:\/\/www.tot-design.ro\/neamt\/wp-content\/uploads\/2018\/03\/Colantari-si-inscriptionari-vitrine-4.jpg'><img width=\"150\" height=\"150\" src=\"https:\/\/www.tot-design.ro\/neamt\/wp-content\/uploads\/2018\/03\/Colantari-si-inscriptionari-vitrine-4-150x150.jpg\" class=\"attachment-thumbnail size-thumbnail\" alt=\"\" decoding=\"async\" loading=\"lazy\" srcset=\"https:\/\/www.tot-design.ro\/neamt\/wp-content\/uploads\/2018\/03\/Colantari-si-inscriptionari-vitrine-4-150x150.jpg 150w, https:\/\/www.tot-design.ro\/neamt\/wp-content\/uploads\/2018\/03\/Colantari-si-inscriptionari-vitrine-4-85x85.jpg 85w, https:\/\/www.tot-design.ro\/neamt\/wp-content\/uploads\/2018\/03\/Colantari-si-inscriptionari-vitrine-4-80x80.jpg 80w\" sizes=\"(max-width: 150px) 100vw, 150px\" \/><\/a>\n\t\t\t\t<\/dt><\/dl><dl class='gallery-item'>\n\t\t\t\t<dt class='gallery-icon landscape'>\n\t\t\t\t\t<a href='https:\/\/www.tot-design.ro\/neamt\/wp-content\/uploads\/2018\/03\/Colantari-si-inscriptionari-vitrine-5.jpg'><img width=\"150\" height=\"150\" src=\"https:\/\/www.tot-design.ro\/neamt\/wp-content\/uploads\/2018\/03\/Colantari-si-inscriptionari-vitrine-5-150x150.jpg\" class=\"attachment-thumbnail size-thumbnail\" alt=\"\" decoding=\"async\" loading=\"lazy\" srcset=\"https:\/\/www.tot-design.ro\/neamt\/wp-content\/uploads\/2018\/03\/Colantari-si-inscriptionari-vitrine-5-150x150.jpg 150w, https:\/\/www.tot-design.ro\/neamt\/wp-content\/uploads\/2018\/03\/Colantari-si-inscriptionari-vitrine-5-85x85.jpg 85w, https:\/\/www.tot-design.ro\/neamt\/wp-content\/uploads\/2018\/03\/Colantari-si-inscriptionari-vitrine-5-80x80.jpg 80w\" sizes=\"(max-width: 150px) 100vw, 150px\" \/><\/a>\n\t\t\t\t<\/dt><\/dl><br style=\"clear: both\" \/><dl class='gallery-item'>\n\t\t\t\t<dt class='gallery-icon landscape'>\n\t\t\t\t\t<a href='https:\/\/www.tot-design.ro\/neamt\/wp-content\/uploads\/2018\/03\/Colantari-si-inscriptionari-vitrine-6.jpg'><img width=\"150\" height=\"150\" src=\"https:\/\/www.tot-design.ro\/neamt\/wp-content\/uploads\/2018\/03\/Colantari-si-inscriptionari-vitrine-6-150x150.jpg\" class=\"attachment-thumbnail size-thumbnail\" alt=\"\" decoding=\"async\" loading=\"lazy\" srcset=\"https:\/\/www.tot-design.ro\/neamt\/wp-content\/uploads\/2018\/03\/Colantari-si-inscriptionari-vitrine-6-150x150.jpg 150w, https:\/\/www.tot-design.ro\/neamt\/wp-content\/uploads\/2018\/03\/Colantari-si-inscriptionari-vitrine-6-85x85.jpg 85w, https:\/\/www.tot-design.ro\/neamt\/wp-content\/uploads\/2018\/03\/Colantari-si-inscriptionari-vitrine-6-80x80.jpg 80w\" sizes=\"(max-width: 150px) 100vw, 150px\" \/><\/a>\n\t\t\t\t<\/dt><\/dl><dl class='gallery-item'>\n\t\t\t\t<dt class='gallery-icon landscape'>\n\t\t\t\t\t<a href='https:\/\/www.tot-design.ro\/neamt\/wp-content\/uploads\/2018\/03\/Colantari-si-inscriptionari-vitrine-7.jpg'><img width=\"150\" height=\"150\" src=\"https:\/\/www.tot-design.ro\/neamt\/wp-content\/uploads\/2018\/03\/Colantari-si-inscriptionari-vitrine-7-150x150.jpg\" class=\"attachment-thumbnail size-thumbnail\" alt=\"\" decoding=\"async\" loading=\"lazy\" srcset=\"https:\/\/www.tot-design.ro\/neamt\/wp-content\/uploads\/2018\/03\/Colantari-si-inscriptionari-vitrine-7-150x150.jpg 150w, https:\/\/www.tot-design.ro\/neamt\/wp-content\/uploads\/2018\/03\/Colantari-si-inscriptionari-vitrine-7-85x85.jpg 85w, https:\/\/www.tot-design.ro\/neamt\/wp-content\/uploads\/2018\/03\/Colantari-si-inscriptionari-vitrine-7-80x80.jpg 80w\" sizes=\"(max-width: 150px) 100vw, 150px\" \/><\/a>\n\t\t\t\t<\/dt><\/dl><dl class='gallery-item'>\n\t\t\t\t<dt class='gallery-icon landscape'>\n\t\t\t\t\t<a href='https:\/\/www.tot-design.ro\/neamt\/wp-content\/uploads\/2018\/03\/Colantari-si-inscriptionari-vitrine-8.jpg'><img width=\"150\" height=\"150\" src=\"https:\/\/www.tot-design.ro\/neamt\/wp-content\/uploads\/2018\/03\/Colantari-si-inscriptionari-vitrine-8-150x150.jpg\" class=\"attachment-thumbnail size-thumbnail\" alt=\"\" decoding=\"async\" loading=\"lazy\" srcset=\"https:\/\/www.tot-design.ro\/neamt\/wp-content\/uploads\/2018\/03\/Colantari-si-inscriptionari-vitrine-8-150x150.jpg 150w, https:\/\/www.tot-design.ro\/neamt\/wp-content\/uploads\/2018\/03\/Colantari-si-inscriptionari-vitrine-8-85x85.jpg 85w, https:\/\/www.tot-design.ro\/neamt\/wp-content\/uploads\/2018\/03\/Colantari-si-inscriptionari-vitrine-8-80x80.jpg 80w\" sizes=\"(max-width: 150px) 100vw, 150px\" \/><\/a>\n\t\t\t\t<\/dt><\/dl><dl class='gallery-item'>\n\t\t\t\t<dt class='gallery-icon landscape'>\n\t\t\t\t\t<a href='https:\/\/www.tot-design.ro\/neamt\/wp-content\/uploads\/2018\/03\/Colantari-si-inscriptionari-vitrine-9.jpg'><img width=\"150\" height=\"150\" src=\"https:\/\/www.tot-design.ro\/neamt\/wp-content\/uploads\/2018\/03\/Colantari-si-inscriptionari-vitrine-9-150x150.jpg\" class=\"attachment-thumbnail size-thumbnail\" alt=\"\" decoding=\"async\" loading=\"lazy\" srcset=\"https:\/\/www.tot-design.ro\/neamt\/wp-content\/uploads\/2018\/03\/Colantari-si-inscriptionari-vitrine-9-150x150.jpg 150w, https:\/\/www.tot-design.ro\/neamt\/wp-content\/uploads\/2018\/03\/Colantari-si-inscriptionari-vitrine-9-85x85.jpg 85w, https:\/\/www.tot-design.ro\/neamt\/wp-content\/uploads\/2018\/03\/Colantari-si-inscriptionari-vitrine-9-80x80.jpg 80w\" sizes=\"(max-width: 150px) 100vw, 150px\" \/><\/a>\n\t\t\t\t<\/dt><\/dl><dl class='gallery-item'>\n\t\t\t\t<dt class='gallery-icon landscape'>\n\t\t\t\t\t<a href='https:\/\/www.tot-design.ro\/neamt\/wp-content\/uploads\/2018\/03\/Colantari-si-inscriptionari-vitrine-10.jpg'><img width=\"150\" height=\"150\" src=\"https:\/\/www.tot-design.ro\/neamt\/wp-content\/uploads\/2018\/03\/Colantari-si-inscriptionari-vitrine-10-150x150.jpg\" class=\"attachment-thumbnail size-thumbnail\" alt=\"\" decoding=\"async\" loading=\"lazy\" srcset=\"https:\/\/www.tot-design.ro\/neamt\/wp-content\/uploads\/2018\/03\/Colantari-si-inscriptionari-vitrine-10-150x150.jpg 150w, https:\/\/www.tot-design.ro\/neamt\/wp-content\/uploads\/2018\/03\/Colantari-si-inscriptionari-vitrine-10-85x85.jpg 85w, https:\/\/www.tot-design.ro\/neamt\/wp-content\/uploads\/2018\/03\/Colantari-si-inscriptionari-vitrine-10-80x80.jpg 80w\" sizes=\"(max-width: 150px) 100vw, 150px\" \/><\/a>\n\t\t\t\t<\/dt><\/dl><br style=\"clear: both\" \/><dl class='gallery-item'>\n\t\t\t\t<dt class='gallery-icon landscape'>\n\t\t\t\t\t<a href='https:\/\/www.tot-design.ro\/neamt\/wp-content\/uploads\/2018\/03\/Colantari-si-inscriptionari-vitrine-11.jpg'><img width=\"150\" height=\"150\" src=\"https:\/\/www.tot-design.ro\/neamt\/wp-content\/uploads\/2018\/03\/Colantari-si-inscriptionari-vitrine-11-150x150.jpg\" class=\"attachment-thumbnail size-thumbnail\" alt=\"\" decoding=\"async\" loading=\"lazy\" srcset=\"https:\/\/www.tot-design.ro\/neamt\/wp-content\/uploads\/2018\/03\/Colantari-si-inscriptionari-vitrine-11-150x150.jpg 150w, https:\/\/www.tot-design.ro\/neamt\/wp-content\/uploads\/2018\/03\/Colantari-si-inscriptionari-vitrine-11-85x85.jpg 85w, https:\/\/www.tot-design.ro\/neamt\/wp-content\/uploads\/2018\/03\/Colantari-si-inscriptionari-vitrine-11-80x80.jpg 80w\" sizes=\"(max-width: 150px) 100vw, 150px\" \/><\/a>\n\t\t\t\t<\/dt><\/dl><dl class='gallery-item'>\n\t\t\t\t<dt class='gallery-icon landscape'>\n\t\t\t\t\t<a href='https:\/\/www.tot-design.ro\/neamt\/wp-content\/uploads\/2018\/03\/Colantari-si-inscriptionari-vitrine-12.jpg'><img width=\"150\" height=\"150\" src=\"https:\/\/www.tot-design.ro\/neamt\/wp-content\/uploads\/2018\/03\/Colantari-si-inscriptionari-vitrine-12-150x150.jpg\" class=\"attachment-thumbnail size-thumbnail\" alt=\"\" decoding=\"async\" loading=\"lazy\" srcset=\"https:\/\/www.tot-design.ro\/neamt\/wp-content\/uploads\/2018\/03\/Colantari-si-inscriptionari-vitrine-12-150x150.jpg 150w, https:\/\/www.tot-design.ro\/neamt\/wp-content\/uploads\/2018\/03\/Colantari-si-inscriptionari-vitrine-12-85x85.jpg 85w, https:\/\/www.tot-design.ro\/neamt\/wp-content\/uploads\/2018\/03\/Colantari-si-inscriptionari-vitrine-12-80x80.jpg 80w\" sizes=\"(max-width: 150px) 100vw, 150px\" \/><\/a>\n\t\t\t\t<\/dt><\/dl><dl class='gallery-item'>\n\t\t\t\t<dt class='gallery-icon landscape'>\n\t\t\t\t\t<a href='https:\/\/www.tot-design.ro\/neamt\/wp-content\/uploads\/2018\/03\/Colantari-si-inscriptionari-vitrine-13.jpg'><img width=\"150\" height=\"150\" src=\"https:\/\/www.tot-design.ro\/neamt\/wp-content\/uploads\/2018\/03\/Colantari-si-inscriptionari-vitrine-13-150x150.jpg\" class=\"attachment-thumbnail size-thumbnail\" alt=\"\" decoding=\"async\" loading=\"lazy\" srcset=\"https:\/\/www.tot-design.ro\/neamt\/wp-content\/uploads\/2018\/03\/Colantari-si-inscriptionari-vitrine-13-150x150.jpg 150w, https:\/\/www.tot-design.ro\/neamt\/wp-content\/uploads\/2018\/03\/Colantari-si-inscriptionari-vitrine-13-85x85.jpg 85w, https:\/\/www.tot-design.ro\/neamt\/wp-content\/uploads\/2018\/03\/Colantari-si-inscriptionari-vitrine-13-80x80.jpg 80w\" sizes=\"(max-width: 150px) 100vw, 150px\" \/><\/a>\n\t\t\t\t<\/dt><\/dl><dl class='gallery-item'>\n\t\t\t\t<dt class='gallery-icon landscape'>\n\t\t\t\t\t<a href='https:\/\/www.tot-design.ro\/neamt\/wp-content\/uploads\/2018\/03\/Colantari-si-inscriptionari-vitrine-14.jpg'><img width=\"150\" height=\"150\" src=\"https:\/\/www.tot-design.ro\/neamt\/wp-content\/uploads\/2018\/03\/Colantari-si-inscriptionari-vitrine-14-150x150.jpg\" class=\"attachment-thumbnail size-thumbnail\" alt=\"\" decoding=\"async\" loading=\"lazy\" srcset=\"https:\/\/www.tot-design.ro\/neamt\/wp-content\/uploads\/2018\/03\/Colantari-si-inscriptionari-vitrine-14-150x150.jpg 150w, https:\/\/www.tot-design.ro\/neamt\/wp-content\/uploads\/2018\/03\/Colantari-si-inscriptionari-vitrine-14-85x85.jpg 85w, https:\/\/www.tot-design.ro\/neamt\/wp-content\/uploads\/2018\/03\/Colantari-si-inscriptionari-vitrine-14-80x80.jpg 80w\" sizes=\"(max-width: 150px) 100vw, 150px\" \/><\/a>\n\t\t\t\t<\/dt><\/dl><dl class='gallery-item'>\n\t\t\t\t<dt class='gallery-icon landscape'>\n\t\t\t\t\t<a href='https:\/\/www.tot-design.ro\/neamt\/wp-content\/uploads\/2018\/03\/Colantari-si-inscriptionari-vitrine-15.jpg'><img width=\"150\" height=\"150\" src=\"https:\/\/www.tot-design.ro\/neamt\/wp-content\/uploads\/2018\/03\/Colantari-si-inscriptionari-vitrine-15-150x150.jpg\" class=\"attachment-thumbnail size-thumbnail\" alt=\"\" decoding=\"async\" loading=\"lazy\" srcset=\"https:\/\/www.tot-design.ro\/neamt\/wp-content\/uploads\/2018\/03\/Colantari-si-inscriptionari-vitrine-15-150x150.jpg 150w, https:\/\/www.tot-design.ro\/neamt\/wp-content\/uploads\/2018\/03\/Colantari-si-inscriptionari-vitrine-15-85x85.jpg 85w, https:\/\/www.tot-design.ro\/neamt\/wp-content\/uploads\/2018\/03\/Colantari-si-inscriptionari-vitrine-15-80x80.jpg 80w\" sizes=\"(max-width: 150px) 100vw, 150px\" \/><\/a>\n\t\t\t\t<\/dt><\/dl><br style=\"clear: both\" \/><dl class='gallery-item'>\n\t\t\t\t<dt class='gallery-icon landscape'>\n\t\t\t\t\t<a href='https:\/\/www.tot-design.ro\/neamt\/wp-content\/uploads\/2018\/03\/Colantari-si-inscriptionari-vitrine-16.jpg'><img width=\"150\" height=\"150\" src=\"https:\/\/www.tot-design.ro\/neamt\/wp-content\/uploads\/2018\/03\/Colantari-si-inscriptionari-vitrine-16-150x150.jpg\" class=\"attachment-thumbnail size-thumbnail\" alt=\"\" decoding=\"async\" loading=\"lazy\" srcset=\"https:\/\/www.tot-design.ro\/neamt\/wp-content\/uploads\/2018\/03\/Colantari-si-inscriptionari-vitrine-16-150x150.jpg 150w, https:\/\/www.tot-design.ro\/neamt\/wp-content\/uploads\/2018\/03\/Colantari-si-inscriptionari-vitrine-16-85x85.jpg 85w, https:\/\/www.tot-design.ro\/neamt\/wp-content\/uploads\/2018\/03\/Colantari-si-inscriptionari-vitrine-16-80x80.jpg 80w\" sizes=\"(max-width: 150px) 100vw, 150px\" \/><\/a>\n\t\t\t\t<\/dt><\/dl><dl class='gallery-item'>\n\t\t\t\t<dt class='gallery-icon landscape'>\n\t\t\t\t\t<a href='https:\/\/www.tot-design.ro\/neamt\/wp-content\/uploads\/2018\/03\/Colantari-si-inscriptionari-vitrine-17.jpg'><img width=\"150\" height=\"150\" src=\"https:\/\/www.tot-design.ro\/neamt\/wp-content\/uploads\/2018\/03\/Colantari-si-inscriptionari-vitrine-17-150x150.jpg\" class=\"attachment-thumbnail size-thumbnail\" alt=\"\" decoding=\"async\" loading=\"lazy\" srcset=\"https:\/\/www.tot-design.ro\/neamt\/wp-content\/uploads\/2018\/03\/Colantari-si-inscriptionari-vitrine-17-150x150.jpg 150w, https:\/\/www.tot-design.ro\/neamt\/wp-content\/uploads\/2018\/03\/Colantari-si-inscriptionari-vitrine-17-85x85.jpg 85w, https:\/\/www.tot-design.ro\/neamt\/wp-content\/uploads\/2018\/03\/Colantari-si-inscriptionari-vitrine-17-80x80.jpg 80w\" sizes=\"(max-width: 150px) 100vw, 150px\" \/><\/a>\n\t\t\t\t<\/dt><\/dl><dl class='gallery-item'>\n\t\t\t\t<dt class='gallery-icon landscape'>\n\t\t\t\t\t<a href='https:\/\/www.tot-design.ro\/neamt\/wp-content\/uploads\/2018\/03\/Colantari-si-inscriptionari-vitrine-18.jpg'><img width=\"150\" height=\"150\" src=\"https:\/\/www.tot-design.ro\/neamt\/wp-content\/uploads\/2018\/03\/Colantari-si-inscriptionari-vitrine-18-150x150.jpg\" class=\"attachment-thumbnail size-thumbnail\" alt=\"\" decoding=\"async\" loading=\"lazy\" srcset=\"https:\/\/www.tot-design.ro\/neamt\/wp-content\/uploads\/2018\/03\/Colantari-si-inscriptionari-vitrine-18-150x150.jpg 150w, https:\/\/www.tot-design.ro\/neamt\/wp-content\/uploads\/2018\/03\/Colantari-si-inscriptionari-vitrine-18-85x85.jpg 85w, https:\/\/www.tot-design.ro\/neamt\/wp-content\/uploads\/2018\/03\/Colantari-si-inscriptionari-vitrine-18-80x80.jpg 80w\" sizes=\"(max-width: 150px) 100vw, 150px\" \/><\/a>\n\t\t\t\t<\/dt><\/dl><dl class='gallery-item'>\n\t\t\t\t<dt class='gallery-icon landscape'>\n\t\t\t\t\t<a href='https:\/\/www.tot-design.ro\/neamt\/wp-content\/uploads\/2018\/03\/Colantari-si-inscriptionari-vitrine-19.jpg'><img width=\"150\" height=\"150\" src=\"https:\/\/www.tot-design.ro\/neamt\/wp-content\/uploads\/2018\/03\/Colantari-si-inscriptionari-vitrine-19-150x150.jpg\" class=\"attachment-thumbnail size-thumbnail\" alt=\"\" decoding=\"async\" loading=\"lazy\" srcset=\"https:\/\/www.tot-design.ro\/neamt\/wp-content\/uploads\/2018\/03\/Colantari-si-inscriptionari-vitrine-19-150x150.jpg 150w, https:\/\/www.tot-design.ro\/neamt\/wp-content\/uploads\/2018\/03\/Colantari-si-inscriptionari-vitrine-19-85x85.jpg 85w, https:\/\/www.tot-design.ro\/neamt\/wp-content\/uploads\/2018\/03\/Colantari-si-inscriptionari-vitrine-19-80x80.jpg 80w\" sizes=\"(max-width: 150px) 100vw, 150px\" \/><\/a>\n\t\t\t\t<\/dt><\/dl><dl class='gallery-item'>\n\t\t\t\t<dt class='gallery-icon landscape'>\n\t\t\t\t\t<a href='https:\/\/www.tot-design.ro\/neamt\/wp-content\/uploads\/2018\/03\/Colantari-si-inscriptionari-vitrine-20.jpg'><img width=\"150\" height=\"150\" src=\"https:\/\/www.tot-design.ro\/neamt\/wp-content\/uploads\/2018\/03\/Colantari-si-inscriptionari-vitrine-20-150x150.jpg\" class=\"attachment-thumbnail size-thumbnail\" alt=\"\" decoding=\"async\" loading=\"lazy\" srcset=\"https:\/\/www.tot-design.ro\/neamt\/wp-content\/uploads\/2018\/03\/Colantari-si-inscriptionari-vitrine-20-150x150.jpg 150w, https:\/\/www.tot-design.ro\/neamt\/wp-content\/uploads\/2018\/03\/Colantari-si-inscriptionari-vitrine-20-85x85.jpg 85w, https:\/\/www.tot-design.ro\/neamt\/wp-content\/uploads\/2018\/03\/Colantari-si-inscriptionari-vitrine-20-80x80.jpg 80w\" sizes=\"(max-width: 150px) 100vw, 150px\" \/><\/a>\n\t\t\t\t<\/dt><\/dl><br style=\"clear: both\" \/><dl class='gallery-item'>\n\t\t\t\t<dt class='gallery-icon landscape'>\n\t\t\t\t\t<a href='https:\/\/www.tot-design.ro\/neamt\/wp-content\/uploads\/2018\/03\/Colantari-si-inscriptionari-vitrine-21.jpg'><img width=\"150\" height=\"150\" src=\"https:\/\/www.tot-design.ro\/neamt\/wp-content\/uploads\/2018\/03\/Colantari-si-inscriptionari-vitrine-21-150x150.jpg\" class=\"attachment-thumbnail size-thumbnail\" alt=\"\" decoding=\"async\" loading=\"lazy\" srcset=\"https:\/\/www.tot-design.ro\/neamt\/wp-content\/uploads\/2018\/03\/Colantari-si-inscriptionari-vitrine-21-150x150.jpg 150w, https:\/\/www.tot-design.ro\/neamt\/wp-content\/uploads\/2018\/03\/Colantari-si-inscriptionari-vitrine-21-85x85.jpg 85w, https:\/\/www.tot-design.ro\/neamt\/wp-content\/uploads\/2018\/03\/Colantari-si-inscriptionari-vitrine-21-80x80.jpg 80w\" sizes=\"(max-width: 150px) 100vw, 150px\" \/><\/a>\n\t\t\t\t<\/dt><\/dl><dl class='gallery-item'>\n\t\t\t\t<dt class='gallery-icon landscape'>\n\t\t\t\t\t<a href='https:\/\/www.tot-design.ro\/neamt\/wp-content\/uploads\/2018\/03\/Colantari-si-inscriptionari-vitrine-22.jpg'><img width=\"150\" height=\"150\" src=\"https:\/\/www.tot-design.ro\/neamt\/wp-content\/uploads\/2018\/03\/Colantari-si-inscriptionari-vitrine-22-150x150.jpg\" class=\"attachment-thumbnail size-thumbnail\" alt=\"\" decoding=\"async\" loading=\"lazy\" srcset=\"https:\/\/www.tot-design.ro\/neamt\/wp-content\/uploads\/2018\/03\/Colantari-si-inscriptionari-vitrine-22-150x150.jpg 150w, https:\/\/www.tot-design.ro\/neamt\/wp-content\/uploads\/2018\/03\/Colantari-si-inscriptionari-vitrine-22-85x85.jpg 85w, https:\/\/www.tot-design.ro\/neamt\/wp-content\/uploads\/2018\/03\/Colantari-si-inscriptionari-vitrine-22-80x80.jpg 80w\" sizes=\"(max-width: 150px) 100vw, 150px\" \/><\/a>\n\t\t\t\t<\/dt><\/dl><dl class='gallery-item'>\n\t\t\t\t<dt class='gallery-icon landscape'>\n\t\t\t\t\t<a href='https:\/\/www.tot-design.ro\/neamt\/wp-content\/uploads\/2018\/03\/Colantari-si-inscriptionari-vitrine-23.jpg'><img width=\"150\" height=\"150\" src=\"https:\/\/www.tot-design.ro\/neamt\/wp-content\/uploads\/2018\/03\/Colantari-si-inscriptionari-vitrine-23-150x150.jpg\" class=\"attachment-thumbnail size-thumbnail\" alt=\"\" decoding=\"async\" loading=\"lazy\" srcset=\"https:\/\/www.tot-design.ro\/neamt\/wp-content\/uploads\/2018\/03\/Colantari-si-inscriptionari-vitrine-23-150x150.jpg 150w, https:\/\/www.tot-design.ro\/neamt\/wp-content\/uploads\/2018\/03\/Colantari-si-inscriptionari-vitrine-23-85x85.jpg 85w, https:\/\/www.tot-design.ro\/neamt\/wp-content\/uploads\/2018\/03\/Colantari-si-inscriptionari-vitrine-23-80x80.jpg 80w\" sizes=\"(max-width: 150px) 100vw, 150px\" \/><\/a>\n\t\t\t\t<\/dt><\/dl><dl class='gallery-item'>\n\t\t\t\t<dt class='gallery-icon landscape'>\n\t\t\t\t\t<a href='https:\/\/www.tot-design.ro\/neamt\/wp-content\/uploads\/2018\/03\/Colantari-si-inscriptionari-vitrine-24.jpg'><img width=\"150\" height=\"150\" src=\"https:\/\/www.tot-design.ro\/neamt\/wp-content\/uploads\/2018\/03\/Colantari-si-inscriptionari-vitrine-24-150x150.jpg\" class=\"attachment-thumbnail size-thumbnail\" alt=\"\" decoding=\"async\" loading=\"lazy\" srcset=\"https:\/\/www.tot-design.ro\/neamt\/wp-content\/uploads\/2018\/03\/Colantari-si-inscriptionari-vitrine-24-150x150.jpg 150w, https:\/\/www.tot-design.ro\/neamt\/wp-content\/uploads\/2018\/03\/Colantari-si-inscriptionari-vitrine-24-85x85.jpg 85w, https:\/\/www.tot-design.ro\/neamt\/wp-content\/uploads\/2018\/03\/Colantari-si-inscriptionari-vitrine-24-80x80.jpg 80w\" sizes=\"(max-width: 150px) 100vw, 150px\" \/><\/a>\n\t\t\t\t<\/dt><\/dl><dl class='gallery-item'>\n\t\t\t\t<dt class='gallery-icon landscape'>\n\t\t\t\t\t<a href='https:\/\/www.tot-design.ro\/neamt\/wp-content\/uploads\/2018\/03\/Colantari-si-inscriptionari-vitrine-25.jpg'><img width=\"150\" height=\"150\" src=\"https:\/\/www.tot-design.ro\/neamt\/wp-content\/uploads\/2018\/03\/Colantari-si-inscriptionari-vitrine-25-150x150.jpg\" class=\"attachment-thumbnail size-thumbnail\" alt=\"\" decoding=\"async\" loading=\"lazy\" srcset=\"https:\/\/www.tot-design.ro\/neamt\/wp-content\/uploads\/2018\/03\/Colantari-si-inscriptionari-vitrine-25-150x150.jpg 150w, https:\/\/www.tot-design.ro\/neamt\/wp-content\/uploads\/2018\/03\/Colantari-si-inscriptionari-vitrine-25-85x85.jpg 85w, https:\/\/www.tot-design.ro\/neamt\/wp-content\/uploads\/2018\/03\/Colantari-si-inscriptionari-vitrine-25-80x80.jpg 80w\" sizes=\"(max-width: 150px) 100vw, 150px\" \/><\/a>\n\t\t\t\t<\/dt><\/dl><br style=\"clear: both\" \/>\n\t\t\t<\/div>\n\n","protected":false},"excerpt":{"rendered":"<p>Aici chiar c\u0103 exista o infinitate de variante. Pe l\u00e2ng\u0103 materialele autocolante clasice, \u00een cazul vitrinelor exist\u0103 \u015fi folii speciale: one way vision, care nu permite<span class=\"excerpt-hellip\"> [\u2026]<\/span><\/p>\n","protected":false},"author":1,"featured_media":0,"parent":131,"menu_order":0,"comment_status":"closed","ping_status":"closed","template":"","meta":{"footnotes":""},"aioseo_notices":[],"_links":{"self":[{"href":"https:\/\/www.tot-design.ro\/neamt\/wp-json\/wp\/v2\/pages\/363"}],"collection":[{"href":"https:\/\/www.tot-design.ro\/neamt\/wp-json\/wp\/v2\/pages"}],"about":[{"href":"https:\/\/www.tot-design.ro\/neamt\/wp-json\/wp\/v2\/types\/page"}],"author":[{"embeddable":true,"href":"https:\/\/www.tot-design.ro\/neamt\/wp-json\/wp\/v2\/users\/1"}],"replies":[{"embeddable":true,"href":"https:\/\/www.tot-design.ro\/neamt\/wp-json\/wp\/v2\/comments?post=363"}],"version-history":[{"count":5,"href":"https:\/\/www.tot-design.ro\/neamt\/wp-json\/wp\/v2\/pages\/363\/revisions"}],"predecessor-version":[{"id":782,"href":"https:\/\/www.tot-design.ro\/neamt\/wp-json\/wp\/v2\/pages\/363\/revisions\/782"}],"up":[{"embeddable":true,"href":"https:\/\/www.tot-design.ro\/neamt\/wp-json\/wp\/v2\/pages\/131"}],"wp:attachment":[{"href":"https:\/\/www.tot-design.ro\/neamt\/wp-json\/wp\/v2\/media?parent=363"}],"curies":[{"name":"wp","href":"https:\/\/api.w.org\/{rel}","templated":true}]}}