{"id":677,"date":"2018-03-26T11:10:20","date_gmt":"2018-03-26T08:10:20","guid":{"rendered":"https:\/\/www.tot-design.ro\/?page_id=677"},"modified":"2021-09-10T17:01:54","modified_gmt":"2021-09-10T14:01:54","slug":"placari-cu-bond","status":"publish","type":"page","link":"https:\/\/www.tot-design.ro\/iasi\/portofoliu\/placari-cu-bond\/","title":{"rendered":"Plac\u0103ri cu BOND"},"content":{"rendered":"<p><strong>BOND<\/strong>-ul, ca s\u0103 \u00een\u0163elegem, este un material tip sandwich, care are dou\u0103 straturi (fe\u0163e) din aluminiu, la interior fiind un al treilea strat de polietilen\u0103. Are diferite grosimi \u015fi nuan\u0163e de culoare \u015fi se folose\u015fte la placarea fa\u0163adelor. Confer\u0103 un <strong>aspect deosebit<\/strong> \u015fi contribuie \u015fi la o <strong>izolare suplimentar\u0103 a peretelui<\/strong>.<\/p>\n\n\t\t\t<style type='text\/css'>\n\t\t\t\t#gallery-1 {\n\t\t\t\t\tmargin: auto;\n\t\t\t\t}\n\t\t\t\t#gallery-1 .gallery-item {\n\t\t\t\t\tfloat: left;\n\t\t\t\t\tmargin-top: 10px;\n\t\t\t\t\ttext-align: center;\n\t\t\t\t\twidth: 33.33%;\n\t\t\t\t}\n\t\t\t\t#gallery-1 img {\n\t\t\t\t\tborder: 2px solid #cfcfcf;\n\t\t\t\t}\n\t\t\t\t#gallery-1 .gallery-caption {\n\t\t\t\t\tmargin-left: 0;\n\t\t\t\t}\n\t\t\t\t\/* see gallery_shortcode() in wp-includes\/media.php *\/\n\t\t\t<\/style>\n\t\t<div id='gallery-1' class='gallery galleryid-677 gallery-columns-3 gallery-size-large file'><dl class='gallery-item'>\n\t\t\t\t<dt class='gallery-icon landscape'>\n\t\t\t\t\t<a href='https:\/\/www.tot-design.ro\/iasi\/wp-content\/uploads\/2021\/09\/Placari-cu-bond-Iasi-12.jpeg'><img width=\"800\" height=\"600\" src=\"https:\/\/www.tot-design.ro\/iasi\/wp-content\/uploads\/2021\/09\/Placari-cu-bond-Iasi-12-800x600.jpeg\" class=\"attachment-large size-large\" alt=\"\" decoding=\"async\" loading=\"lazy\" srcset=\"https:\/\/www.tot-design.ro\/iasi\/wp-content\/uploads\/2021\/09\/Placari-cu-bond-Iasi-12-800x600.jpeg 800w, https:\/\/www.tot-design.ro\/iasi\/wp-content\/uploads\/2021\/09\/Placari-cu-bond-Iasi-12-300x225.jpeg 300w, https:\/\/www.tot-design.ro\/iasi\/wp-content\/uploads\/2021\/09\/Placari-cu-bond-Iasi-12-768x576.jpeg 768w, https:\/\/www.tot-design.ro\/iasi\/wp-content\/uploads\/2021\/09\/Placari-cu-bond-Iasi-12-1536x1152.jpeg 1536w, https:\/\/www.tot-design.ro\/iasi\/wp-content\/uploads\/2021\/09\/Placari-cu-bond-Iasi-12-195x146.jpeg 195w, https:\/\/www.tot-design.ro\/iasi\/wp-content\/uploads\/2021\/09\/Placari-cu-bond-Iasi-12-50x38.jpeg 50w, https:\/\/www.tot-design.ro\/iasi\/wp-content\/uploads\/2021\/09\/Placari-cu-bond-Iasi-12-100x75.jpeg 100w, https:\/\/www.tot-design.ro\/iasi\/wp-content\/uploads\/2021\/09\/Placari-cu-bond-Iasi-12.jpeg 2000w\" sizes=\"(max-width: 800px) 100vw, 800px\" \/><\/a>\n\t\t\t\t<\/dt><\/dl><dl class='gallery-item'>\n\t\t\t\t<dt class='gallery-icon landscape'>\n\t\t\t\t\t<a href='https:\/\/www.tot-design.ro\/iasi\/wp-content\/uploads\/2021\/09\/Placari-cu-bond-Iasi-13.jpeg'><img width=\"800\" height=\"600\" src=\"https:\/\/www.tot-design.ro\/iasi\/wp-content\/uploads\/2021\/09\/Placari-cu-bond-Iasi-13-800x600.jpeg\" class=\"attachment-large size-large\" alt=\"\" decoding=\"async\" loading=\"lazy\" srcset=\"https:\/\/www.tot-design.ro\/iasi\/wp-content\/uploads\/2021\/09\/Placari-cu-bond-Iasi-13-800x600.jpeg 800w, https:\/\/www.tot-design.ro\/iasi\/wp-content\/uploads\/2021\/09\/Placari-cu-bond-Iasi-13-300x225.jpeg 300w, https:\/\/www.tot-design.ro\/iasi\/wp-content\/uploads\/2021\/09\/Placari-cu-bond-Iasi-13-768x576.jpeg 768w, https:\/\/www.tot-design.ro\/iasi\/wp-content\/uploads\/2021\/09\/Placari-cu-bond-Iasi-13-1536x1152.jpeg 1536w, https:\/\/www.tot-design.ro\/iasi\/wp-content\/uploads\/2021\/09\/Placari-cu-bond-Iasi-13-195x146.jpeg 195w, https:\/\/www.tot-design.ro\/iasi\/wp-content\/uploads\/2021\/09\/Placari-cu-bond-Iasi-13-50x38.jpeg 50w, https:\/\/www.tot-design.ro\/iasi\/wp-content\/uploads\/2021\/09\/Placari-cu-bond-Iasi-13-100x75.jpeg 100w, https:\/\/www.tot-design.ro\/iasi\/wp-content\/uploads\/2021\/09\/Placari-cu-bond-Iasi-13.jpeg 2000w\" sizes=\"(max-width: 800px) 100vw, 800px\" \/><\/a>\n\t\t\t\t<\/dt><\/dl><dl class='gallery-item'>\n\t\t\t\t<dt class='gallery-icon landscape'>\n\t\t\t\t\t<a href='https:\/\/www.tot-design.ro\/iasi\/wp-content\/uploads\/2021\/09\/Placari-cu-bond-Iasi-14.jpeg'><img width=\"800\" height=\"600\" src=\"https:\/\/www.tot-design.ro\/iasi\/wp-content\/uploads\/2021\/09\/Placari-cu-bond-Iasi-14-800x600.jpeg\" class=\"attachment-large size-large\" alt=\"\" decoding=\"async\" loading=\"lazy\" srcset=\"https:\/\/www.tot-design.ro\/iasi\/wp-content\/uploads\/2021\/09\/Placari-cu-bond-Iasi-14-800x600.jpeg 800w, https:\/\/www.tot-design.ro\/iasi\/wp-content\/uploads\/2021\/09\/Placari-cu-bond-Iasi-14-300x225.jpeg 300w, https:\/\/www.tot-design.ro\/iasi\/wp-content\/uploads\/2021\/09\/Placari-cu-bond-Iasi-14-768x576.jpeg 768w, https:\/\/www.tot-design.ro\/iasi\/wp-content\/uploads\/2021\/09\/Placari-cu-bond-Iasi-14-1536x1152.jpeg 1536w, https:\/\/www.tot-design.ro\/iasi\/wp-content\/uploads\/2021\/09\/Placari-cu-bond-Iasi-14-195x146.jpeg 195w, https:\/\/www.tot-design.ro\/iasi\/wp-content\/uploads\/2021\/09\/Placari-cu-bond-Iasi-14-50x38.jpeg 50w, https:\/\/www.tot-design.ro\/iasi\/wp-content\/uploads\/2021\/09\/Placari-cu-bond-Iasi-14-100x75.jpeg 100w, https:\/\/www.tot-design.ro\/iasi\/wp-content\/uploads\/2021\/09\/Placari-cu-bond-Iasi-14.jpeg 1600w\" sizes=\"(max-width: 800px) 100vw, 800px\" \/><\/a>\n\t\t\t\t<\/dt><\/dl><br style=\"clear: both\" \/><dl class='gallery-item'>\n\t\t\t\t<dt class='gallery-icon portrait'>\n\t\t\t\t\t<a href='https:\/\/www.tot-design.ro\/iasi\/wp-content\/uploads\/2021\/09\/Placari-cu-bond-Iasi-18.jpeg'><img width=\"450\" height=\"600\" src=\"https:\/\/www.tot-design.ro\/iasi\/wp-content\/uploads\/2021\/09\/Placari-cu-bond-Iasi-18-450x600.jpeg\" class=\"attachment-large size-large\" alt=\"\" decoding=\"async\" loading=\"lazy\" srcset=\"https:\/\/www.tot-design.ro\/iasi\/wp-content\/uploads\/2021\/09\/Placari-cu-bond-Iasi-18-450x600.jpeg 450w, https:\/\/www.tot-design.ro\/iasi\/wp-content\/uploads\/2021\/09\/Placari-cu-bond-Iasi-18-225x300.jpeg 225w, https:\/\/www.tot-design.ro\/iasi\/wp-content\/uploads\/2021\/09\/Placari-cu-bond-Iasi-18-768x1024.jpeg 768w, https:\/\/www.tot-design.ro\/iasi\/wp-content\/uploads\/2021\/09\/Placari-cu-bond-Iasi-18-1152x1536.jpeg 1152w, https:\/\/www.tot-design.ro\/iasi\/wp-content\/uploads\/2021\/09\/Placari-cu-bond-Iasi-18-110x146.jpeg 110w, https:\/\/www.tot-design.ro\/iasi\/wp-content\/uploads\/2021\/09\/Placari-cu-bond-Iasi-18-38x50.jpeg 38w, https:\/\/www.tot-design.ro\/iasi\/wp-content\/uploads\/2021\/09\/Placari-cu-bond-Iasi-18-56x75.jpeg 56w, https:\/\/www.tot-design.ro\/iasi\/wp-content\/uploads\/2021\/09\/Placari-cu-bond-Iasi-18.jpeg 1500w\" sizes=\"(max-width: 450px) 100vw, 450px\" \/><\/a>\n\t\t\t\t<\/dt><\/dl><dl class='gallery-item'>\n\t\t\t\t<dt class='gallery-icon portrait'>\n\t\t\t\t\t<a href='https:\/\/www.tot-design.ro\/iasi\/wp-content\/uploads\/2021\/09\/Placari-cu-bond-Iasi-20.jpeg'><img width=\"450\" height=\"600\" src=\"https:\/\/www.tot-design.ro\/iasi\/wp-content\/uploads\/2021\/09\/Placari-cu-bond-Iasi-20-450x600.jpeg\" class=\"attachment-large size-large\" alt=\"\" decoding=\"async\" loading=\"lazy\" srcset=\"https:\/\/www.tot-design.ro\/iasi\/wp-content\/uploads\/2021\/09\/Placari-cu-bond-Iasi-20-450x600.jpeg 450w, https:\/\/www.tot-design.ro\/iasi\/wp-content\/uploads\/2021\/09\/Placari-cu-bond-Iasi-20-225x300.jpeg 225w, https:\/\/www.tot-design.ro\/iasi\/wp-content\/uploads\/2021\/09\/Placari-cu-bond-Iasi-20-768x1024.jpeg 768w, https:\/\/www.tot-design.ro\/iasi\/wp-content\/uploads\/2021\/09\/Placari-cu-bond-Iasi-20-1152x1536.jpeg 1152w, https:\/\/www.tot-design.ro\/iasi\/wp-content\/uploads\/2021\/09\/Placari-cu-bond-Iasi-20-110x146.jpeg 110w, https:\/\/www.tot-design.ro\/iasi\/wp-content\/uploads\/2021\/09\/Placari-cu-bond-Iasi-20-38x50.jpeg 38w, https:\/\/www.tot-design.ro\/iasi\/wp-content\/uploads\/2021\/09\/Placari-cu-bond-Iasi-20-56x75.jpeg 56w, https:\/\/www.tot-design.ro\/iasi\/wp-content\/uploads\/2021\/09\/Placari-cu-bond-Iasi-20.jpeg 1500w\" sizes=\"(max-width: 450px) 100vw, 450px\" \/><\/a>\n\t\t\t\t<\/dt><\/dl><dl class='gallery-item'>\n\t\t\t\t<dt class='gallery-icon portrait'>\n\t\t\t\t\t<a href='https:\/\/www.tot-design.ro\/iasi\/wp-content\/uploads\/2021\/09\/Placari-cu-bond-Iasi-16.jpeg'><img width=\"450\" height=\"600\" src=\"https:\/\/www.tot-design.ro\/iasi\/wp-content\/uploads\/2021\/09\/Placari-cu-bond-Iasi-16-450x600.jpeg\" class=\"attachment-large size-large\" alt=\"\" decoding=\"async\" loading=\"lazy\" srcset=\"https:\/\/www.tot-design.ro\/iasi\/wp-content\/uploads\/2021\/09\/Placari-cu-bond-Iasi-16-450x600.jpeg 450w, https:\/\/www.tot-design.ro\/iasi\/wp-content\/uploads\/2021\/09\/Placari-cu-bond-Iasi-16-225x300.jpeg 225w, https:\/\/www.tot-design.ro\/iasi\/wp-content\/uploads\/2021\/09\/Placari-cu-bond-Iasi-16-768x1024.jpeg 768w, https:\/\/www.tot-design.ro\/iasi\/wp-content\/uploads\/2021\/09\/Placari-cu-bond-Iasi-16-1152x1536.jpeg 1152w, https:\/\/www.tot-design.ro\/iasi\/wp-content\/uploads\/2021\/09\/Placari-cu-bond-Iasi-16-110x146.jpeg 110w, https:\/\/www.tot-design.ro\/iasi\/wp-content\/uploads\/2021\/09\/Placari-cu-bond-Iasi-16-38x50.jpeg 38w, https:\/\/www.tot-design.ro\/iasi\/wp-content\/uploads\/2021\/09\/Placari-cu-bond-Iasi-16-56x75.jpeg 56w, https:\/\/www.tot-design.ro\/iasi\/wp-content\/uploads\/2021\/09\/Placari-cu-bond-Iasi-16.jpeg 1500w\" sizes=\"(max-width: 450px) 100vw, 450px\" \/><\/a>\n\t\t\t\t<\/dt><\/dl><br style=\"clear: both\" \/><dl class='gallery-item'>\n\t\t\t\t<dt class='gallery-icon landscape'>\n\t\t\t\t\t<a href='https:\/\/www.tot-design.ro\/iasi\/wp-content\/uploads\/2021\/09\/Placari-cu-bond-Iasi-17.jpeg'><img width=\"800\" height=\"600\" src=\"https:\/\/www.tot-design.ro\/iasi\/wp-content\/uploads\/2021\/09\/Placari-cu-bond-Iasi-17-800x600.jpeg\" class=\"attachment-large size-large\" alt=\"\" decoding=\"async\" loading=\"lazy\" srcset=\"https:\/\/www.tot-design.ro\/iasi\/wp-content\/uploads\/2021\/09\/Placari-cu-bond-Iasi-17-800x600.jpeg 800w, https:\/\/www.tot-design.ro\/iasi\/wp-content\/uploads\/2021\/09\/Placari-cu-bond-Iasi-17-300x225.jpeg 300w, https:\/\/www.tot-design.ro\/iasi\/wp-content\/uploads\/2021\/09\/Placari-cu-bond-Iasi-17-768x576.jpeg 768w, https:\/\/www.tot-design.ro\/iasi\/wp-content\/uploads\/2021\/09\/Placari-cu-bond-Iasi-17-1536x1152.jpeg 1536w, https:\/\/www.tot-design.ro\/iasi\/wp-content\/uploads\/2021\/09\/Placari-cu-bond-Iasi-17-195x146.jpeg 195w, https:\/\/www.tot-design.ro\/iasi\/wp-content\/uploads\/2021\/09\/Placari-cu-bond-Iasi-17-50x38.jpeg 50w, https:\/\/www.tot-design.ro\/iasi\/wp-content\/uploads\/2021\/09\/Placari-cu-bond-Iasi-17-100x75.jpeg 100w, https:\/\/www.tot-design.ro\/iasi\/wp-content\/uploads\/2021\/09\/Placari-cu-bond-Iasi-17.jpeg 2000w\" sizes=\"(max-width: 800px) 100vw, 800px\" \/><\/a>\n\t\t\t\t<\/dt><\/dl><dl class='gallery-item'>\n\t\t\t\t<dt class='gallery-icon landscape'>\n\t\t\t\t\t<a href='https:\/\/www.tot-design.ro\/iasi\/wp-content\/uploads\/2021\/09\/Placari-cu-bond-Iasi-15.jpeg'><img width=\"800\" height=\"600\" src=\"https:\/\/www.tot-design.ro\/iasi\/wp-content\/uploads\/2021\/09\/Placari-cu-bond-Iasi-15-800x600.jpeg\" class=\"attachment-large size-large\" alt=\"\" decoding=\"async\" loading=\"lazy\" srcset=\"https:\/\/www.tot-design.ro\/iasi\/wp-content\/uploads\/2021\/09\/Placari-cu-bond-Iasi-15-800x600.jpeg 800w, https:\/\/www.tot-design.ro\/iasi\/wp-content\/uploads\/2021\/09\/Placari-cu-bond-Iasi-15-300x225.jpeg 300w, https:\/\/www.tot-design.ro\/iasi\/wp-content\/uploads\/2021\/09\/Placari-cu-bond-Iasi-15-768x576.jpeg 768w, https:\/\/www.tot-design.ro\/iasi\/wp-content\/uploads\/2021\/09\/Placari-cu-bond-Iasi-15-1536x1152.jpeg 1536w, https:\/\/www.tot-design.ro\/iasi\/wp-content\/uploads\/2021\/09\/Placari-cu-bond-Iasi-15-195x146.jpeg 195w, https:\/\/www.tot-design.ro\/iasi\/wp-content\/uploads\/2021\/09\/Placari-cu-bond-Iasi-15-50x38.jpeg 50w, https:\/\/www.tot-design.ro\/iasi\/wp-content\/uploads\/2021\/09\/Placari-cu-bond-Iasi-15-100x75.jpeg 100w, https:\/\/www.tot-design.ro\/iasi\/wp-content\/uploads\/2021\/09\/Placari-cu-bond-Iasi-15.jpeg 2000w\" sizes=\"(max-width: 800px) 100vw, 800px\" \/><\/a>\n\t\t\t\t<\/dt><\/dl><dl class='gallery-item'>\n\t\t\t\t<dt class='gallery-icon landscape'>\n\t\t\t\t\t<a href='https:\/\/www.tot-design.ro\/iasi\/wp-content\/uploads\/2021\/09\/Placari-cu-bond-Iasi-19.jpeg'><img width=\"800\" height=\"600\" src=\"https:\/\/www.tot-design.ro\/iasi\/wp-content\/uploads\/2021\/09\/Placari-cu-bond-Iasi-19-800x600.jpeg\" class=\"attachment-large size-large\" alt=\"\" decoding=\"async\" loading=\"lazy\" srcset=\"https:\/\/www.tot-design.ro\/iasi\/wp-content\/uploads\/2021\/09\/Placari-cu-bond-Iasi-19-800x600.jpeg 800w, https:\/\/www.tot-design.ro\/iasi\/wp-content\/uploads\/2021\/09\/Placari-cu-bond-Iasi-19-300x225.jpeg 300w, https:\/\/www.tot-design.ro\/iasi\/wp-content\/uploads\/2021\/09\/Placari-cu-bond-Iasi-19-768x576.jpeg 768w, https:\/\/www.tot-design.ro\/iasi\/wp-content\/uploads\/2021\/09\/Placari-cu-bond-Iasi-19-1536x1152.jpeg 1536w, https:\/\/www.tot-design.ro\/iasi\/wp-content\/uploads\/2021\/09\/Placari-cu-bond-Iasi-19-195x146.jpeg 195w, https:\/\/www.tot-design.ro\/iasi\/wp-content\/uploads\/2021\/09\/Placari-cu-bond-Iasi-19-50x38.jpeg 50w, https:\/\/www.tot-design.ro\/iasi\/wp-content\/uploads\/2021\/09\/Placari-cu-bond-Iasi-19-100x75.jpeg 100w, https:\/\/www.tot-design.ro\/iasi\/wp-content\/uploads\/2021\/09\/Placari-cu-bond-Iasi-19.jpeg 2000w\" sizes=\"(max-width: 800px) 100vw, 800px\" \/><\/a>\n\t\t\t\t<\/dt><\/dl><br style=\"clear: both\" \/><dl class='gallery-item'>\n\t\t\t\t<dt class='gallery-icon portrait'>\n\t\t\t\t\t<a href='https:\/\/www.tot-design.ro\/iasi\/wp-content\/uploads\/2021\/09\/Placari-cu-bond-Iasi-21.jpeg'><img width=\"450\" height=\"600\" src=\"https:\/\/www.tot-design.ro\/iasi\/wp-content\/uploads\/2021\/09\/Placari-cu-bond-Iasi-21-450x600.jpeg\" class=\"attachment-large size-large\" alt=\"\" decoding=\"async\" loading=\"lazy\" srcset=\"https:\/\/www.tot-design.ro\/iasi\/wp-content\/uploads\/2021\/09\/Placari-cu-bond-Iasi-21-450x600.jpeg 450w, https:\/\/www.tot-design.ro\/iasi\/wp-content\/uploads\/2021\/09\/Placari-cu-bond-Iasi-21-225x300.jpeg 225w, https:\/\/www.tot-design.ro\/iasi\/wp-content\/uploads\/2021\/09\/Placari-cu-bond-Iasi-21-768x1024.jpeg 768w, https:\/\/www.tot-design.ro\/iasi\/wp-content\/uploads\/2021\/09\/Placari-cu-bond-Iasi-21-1152x1536.jpeg 1152w, https:\/\/www.tot-design.ro\/iasi\/wp-content\/uploads\/2021\/09\/Placari-cu-bond-Iasi-21-110x146.jpeg 110w, https:\/\/www.tot-design.ro\/iasi\/wp-content\/uploads\/2021\/09\/Placari-cu-bond-Iasi-21-38x50.jpeg 38w, https:\/\/www.tot-design.ro\/iasi\/wp-content\/uploads\/2021\/09\/Placari-cu-bond-Iasi-21-56x75.jpeg 56w, https:\/\/www.tot-design.ro\/iasi\/wp-content\/uploads\/2021\/09\/Placari-cu-bond-Iasi-21.jpeg 1200w\" sizes=\"(max-width: 450px) 100vw, 450px\" \/><\/a>\n\t\t\t\t<\/dt><\/dl><dl class='gallery-item'>\n\t\t\t\t<dt class='gallery-icon portrait'>\n\t\t\t\t\t<a href='https:\/\/www.tot-design.ro\/iasi\/wp-content\/uploads\/2021\/09\/Placari-cu-bond-Iasi-22.jpeg'><img width=\"450\" height=\"600\" src=\"https:\/\/www.tot-design.ro\/iasi\/wp-content\/uploads\/2021\/09\/Placari-cu-bond-Iasi-22-450x600.jpeg\" class=\"attachment-large size-large\" alt=\"\" decoding=\"async\" loading=\"lazy\" srcset=\"https:\/\/www.tot-design.ro\/iasi\/wp-content\/uploads\/2021\/09\/Placari-cu-bond-Iasi-22-450x600.jpeg 450w, https:\/\/www.tot-design.ro\/iasi\/wp-content\/uploads\/2021\/09\/Placari-cu-bond-Iasi-22-225x300.jpeg 225w, https:\/\/www.tot-design.ro\/iasi\/wp-content\/uploads\/2021\/09\/Placari-cu-bond-Iasi-22-768x1024.jpeg 768w, https:\/\/www.tot-design.ro\/iasi\/wp-content\/uploads\/2021\/09\/Placari-cu-bond-Iasi-22-1152x1536.jpeg 1152w, https:\/\/www.tot-design.ro\/iasi\/wp-content\/uploads\/2021\/09\/Placari-cu-bond-Iasi-22-110x146.jpeg 110w, https:\/\/www.tot-design.ro\/iasi\/wp-content\/uploads\/2021\/09\/Placari-cu-bond-Iasi-22-38x50.jpeg 38w, https:\/\/www.tot-design.ro\/iasi\/wp-content\/uploads\/2021\/09\/Placari-cu-bond-Iasi-22-56x75.jpeg 56w, https:\/\/www.tot-design.ro\/iasi\/wp-content\/uploads\/2021\/09\/Placari-cu-bond-Iasi-22.jpeg 1500w\" sizes=\"(max-width: 450px) 100vw, 450px\" \/><\/a>\n\t\t\t\t<\/dt><\/dl><dl class='gallery-item'>\n\t\t\t\t<dt class='gallery-icon portrait'>\n\t\t\t\t\t<a href='https:\/\/www.tot-design.ro\/iasi\/wp-content\/uploads\/2021\/09\/Placari-cu-bond-Iasi-23.jpeg'><img width=\"450\" height=\"600\" src=\"https:\/\/www.tot-design.ro\/iasi\/wp-content\/uploads\/2021\/09\/Placari-cu-bond-Iasi-23-450x600.jpeg\" class=\"attachment-large size-large\" alt=\"\" decoding=\"async\" loading=\"lazy\" srcset=\"https:\/\/www.tot-design.ro\/iasi\/wp-content\/uploads\/2021\/09\/Placari-cu-bond-Iasi-23-450x600.jpeg 450w, https:\/\/www.tot-design.ro\/iasi\/wp-content\/uploads\/2021\/09\/Placari-cu-bond-Iasi-23-225x300.jpeg 225w, https:\/\/www.tot-design.ro\/iasi\/wp-content\/uploads\/2021\/09\/Placari-cu-bond-Iasi-23-768x1024.jpeg 768w, https:\/\/www.tot-design.ro\/iasi\/wp-content\/uploads\/2021\/09\/Placari-cu-bond-Iasi-23-1152x1536.jpeg 1152w, https:\/\/www.tot-design.ro\/iasi\/wp-content\/uploads\/2021\/09\/Placari-cu-bond-Iasi-23-110x146.jpeg 110w, https:\/\/www.tot-design.ro\/iasi\/wp-content\/uploads\/2021\/09\/Placari-cu-bond-Iasi-23-38x50.jpeg 38w, https:\/\/www.tot-design.ro\/iasi\/wp-content\/uploads\/2021\/09\/Placari-cu-bond-Iasi-23-56x75.jpeg 56w, https:\/\/www.tot-design.ro\/iasi\/wp-content\/uploads\/2021\/09\/Placari-cu-bond-Iasi-23.jpeg 1200w\" sizes=\"(max-width: 450px) 100vw, 450px\" \/><\/a>\n\t\t\t\t<\/dt><\/dl><br style=\"clear: both\" \/>\n\t\t\t<\/div>\n\n","protected":false},"excerpt":{"rendered":"<p>BOND-ul, ca s\u0103 \u00een\u0163elegem, este un material tip sandwich, care are dou\u0103 straturi (fe\u0163e) din aluminiu, la interior fiind un al treilea strat de polietilen\u0103. Are<span class=\"excerpt-hellip\"> [\u2026]<\/span><\/p>\n","protected":false},"author":1,"featured_media":0,"parent":131,"menu_order":0,"comment_status":"closed","ping_status":"closed","template":"","meta":{"footnotes":""},"aioseo_notices":[],"_links":{"self":[{"href":"https:\/\/www.tot-design.ro\/iasi\/wp-json\/wp\/v2\/pages\/677"}],"collection":[{"href":"https:\/\/www.tot-design.ro\/iasi\/wp-json\/wp\/v2\/pages"}],"about":[{"href":"https:\/\/www.tot-design.ro\/iasi\/wp-json\/wp\/v2\/types\/page"}],"author":[{"embeddable":true,"href":"https:\/\/www.tot-design.ro\/iasi\/wp-json\/wp\/v2\/users\/1"}],"replies":[{"embeddable":true,"href":"https:\/\/www.tot-design.ro\/iasi\/wp-json\/wp\/v2\/comments?post=677"}],"version-history":[{"count":4,"href":"https:\/\/www.tot-design.ro\/iasi\/wp-json\/wp\/v2\/pages\/677\/revisions"}],"predecessor-version":[{"id":918,"href":"https:\/\/www.tot-design.ro\/iasi\/wp-json\/wp\/v2\/pages\/677\/revisions\/918"}],"up":[{"embeddable":true,"href":"https:\/\/www.tot-design.ro\/iasi\/wp-json\/wp\/v2\/pages\/131"}],"wp:attachment":[{"href":"https:\/\/www.tot-design.ro\/iasi\/wp-json\/wp\/v2\/media?parent=677"}],"curies":[{"name":"wp","href":"https:\/\/api.w.org\/{rel}","templated":true}]}}